**2 + 6*j - 10. Let v be o(k). Let a = v - -139. What is the units digit of a?
7
Let q be -1 + 0 + -2 + 5 - -2. Suppose 2*z - 98 = 2*u, q*z - 5 = 11. Let l = u - -106. What is the units digit of l?
1
Let v(y) = -1262*y + 3725. What is the hundreds digit of v(-6)?
2
Suppose 19*z + 238 + 2118 = 0. What is the tens digit of z/(-3)*1053/130*5?
7
Let p(x) be the first derivative of x**3/3 + 5*x**2/2 + 12*x + 11. Let y be p(-4). What is the units digit of -2 + -1 + y/1?
5
Let u(a) = -14*a + 16. Let m(i) = -i. Suppose -2*k = -2 - 2. Let w(y) = k*m(y) - u(y). What is the units digit of w(10)?
4
Let z(b) = -147*b**3 + 9*b**2 + 47*b + 91. What is the thousands digit of z(-3)?
4
Let p(g) = -17*g**2 + g - 2*g**3 - 3 - 3 - 63. What is the units digit of p(-11)?
5
Let n(a) = a**3 + 61*a**2 + 201*a + 193. What is the tens digit of n(-56)?
1
What is the thousands digit of (-2)/(-9) + (-293733)/(-243) - -8 - 8?
1
Suppose -14*x + 10*x = 72. Let h(r) = 2*r + 39. Let z be h(x). What is the units digit of (6/4)/z*(365 + 1)?
3
Suppose -3*r - 3 = 3*v, 8*v - 10*v = -5*r + 30. Suppose 2*t - o = -2*t + 1358, -2*o + 1352 = r*t. What is the hundreds digit of t?
3
Suppose -25*r - 1723 = 902. Let o be 1 + (2 - -184) + -1. Let p = r + o. What is the tens digit of p?
8
Suppose 1 - 4 = -b. Suppose -b*g + 0*g + m = -12, 4*m = -4*g. Suppose 0 = -9*w + 4*w - g*l + 292, 5*w = 3*l + 298. What is the tens digit of w?
5
Suppose 8*y + 57687 - 17439 = 0. Let x be 3/15 + y/(-45). Let t = -107 + x. What is the units digit of t?
5
Let j = -485 + 309. Let x = -159 - j. What is the tens digit of x?
1
Suppose 20701 = 43*r - 55667. What is the units digit of r?
6
Suppose 75528 = 50*p - 38*p. What is the thousands digit of p?
6
Let k(n) = -n**3 - 14*n**2 - 6*n - 15. Let t be k(-13). Let d = t + 157. Suppose -5*g + 2 = 2*l - 100, l - d = 4*g. What is the tens digit of l?
5
Suppose -34*x + 36*x = 330. Suppose 1508 = 14*m + 458. Suppose 3*j - x = -m. What is the units digit of j?
0
Let b(j) = -6*j**2 + 46*j - 24. Let q(y) = y**2 - 9*y + 5. Let l(h) = 2*b(h) + 11*q(h). What is the units digit of l(-7)?
7
Let q be 0 - 6 - -5 - -130. Let d = q - -55. What is the units digit of d?
4
Let i(r) = 15*r**3 + 11*r**2 - r - 14. Let j(p) = 5*p**3 + 4*p**2 - 5. Let b(y) = 3*i(y) - 8*j(y). What is the tens digit of b(2)?
3
Suppose 8*f - 3236 = 10*f - 2*a, 0 = -2*f + a - 3237. Let x = f - -2383. What is the tens digit of x?
6
Let i(n) = 7*n + 837. Let f be (0 + 1 + -1)*(-49)/98. What is the units digit of i(f)?
7
Suppose 4*f = -f - 15. Let a(w) be the first derivative of -3*w**4/4 + 5*w**3/3 + 3*w**2/2 + 3*w - 96. What is the hundreds digit of a(f)?
1
Let d(o) = -o**2 - 11*o - 6. Suppose 4*l = -3*n - 13 - 13, 32 = -5*l - 4*n. Let k be d(l). Suppose -9 - k = -3*g. What is the units digit of g?
9
Let u(g) = g**2 + 12*g + 38. Let b be u(-7). Suppose -b*y = -343 - 1142. What is the hundreds digit of y?
4
What is the tens digit of ((-252)/49)/12 - 265936/(-112)?
7
Let q(p) = -1565*p**3 - 7*p**2 - 26*p + 4. What is the tens digit of q(-3)?
7
What is the units digit of (172/(-8) - 0)*(-274 + 28)?
9
Suppose -56*m + 58*m - 876 = 0. Suppose -4*f - m = -2*i - 1618, 2*f - 590 = -2*i. What is the units digit of f?
5
Let x(j) = -8*j + 52. Let h be x(6). Suppose -2*z + 4*b - 6 + 2 = 0, -2*b + 2 = h*z. Suppose -q - 5*f = q - 348, z = -3*f. What is the units digit of q?
4
What is the units digit of ((-1)/(-1))/(-2)*(-20 - 4422)?
1
Suppose -4*s - 17 - 3 = 0. Let y be (s/(-3))/((-1)/9). What is the units digit of (y/(-20))/(1 - (-179)/(-180))?
5
Let f be 14/6 - 1/3. Suppose 60*r = 62*r - 298. Suppose -f*n - 39 = -r. What is the tens digit of n?
5
Suppose z = -5*z - 0*z. Suppose -13*q - 792 + 9294 = z. What is the tens digit of q?
5
Suppose -126*a + 7064692 - 1930908 = -34*a. What is the tens digit of a?
0
Let y = -37 - -39. Suppose y*b - 4*i = 492, 14*i = b + 11*i - 248. What is the tens digit of b?
4
Let t = 92 + -90. Suppose 5*d - 4*s = 548 + 662, -1240 = -5*d - t*s. What is the tens digit of d?
4
Let s(b) = -10*b - 40. Let w(a) = -a**2 + 4*a + 52. Let i be w(10). What is the tens digit of s(i)?
4
What is the hundreds digit of (18988/(-282))/(6/(-4599))?
6
Let r = -462 - -1770. Let x = 9148 - 9143. Suppose -a - x*a = -r. What is the hundreds digit of a?
2
Suppose 0 = 61*x - 64*x, -4*x + 45 = -5*p. Let r(a) = -137*a + 13. What is the hundreds digit of r(p)?
2
Let h(j) = j - 31. Let k be h(27). What is the units digit of (-7 + 484)*k/(-6)?
8
Let t = 1305 - 793. Suppose -y = 138 + 146. Let u = y + t. What is the hundreds digit of u?
2
Let z = -7180 - -8390. What is the hundreds digit of z?
2
Suppose m + 74 = 3*m. Let y be (1 - m)*5/10. What is the tens digit of 3*((-3)/(-1) - y)?
6
Let s(z) = -z - 2. Let l be s(-7). Let i(o) be the second derivative of -o**5/20 + o**4/2 + 2*o**3/3 + 6*o**2 + 20*o - 2. What is the units digit of i(l)?
7
Let p(k) = 32*k + 11. Suppose 0 = -5*z + 2*d + 22, 14*d - 15 = -3*z + 17*d. What is the hundreds digit of p(z)?
1
Let o = -213 - -285. Let v = o - 22. What is the units digit of v?
0
Suppose 6170 = -3*l + 6*l + 2*w, 3*w + 4109 = 2*l. What is the hundreds digit of l?
0
What is the units digit of (18/2 - (-2376)/144)/(3/746)?
1
Let t be 828/288 + 1/8. Suppose 0 = 5*r + 4*o - 434, -o = r - t*o - 98. What is the units digit of r?
0
Suppose 3*d - 6*d = -3*w - 3, 2*w - 4 = -d. What is the hundreds digit of (99/(-18) - d)*(-2922)/15?
4
Let v = 271 + -56. Let i(o) = -3*o - 21. Let y be i(-7). Suppose y = -k - q + v, -3*k + 504 = -4*q - 148. What is the hundreds digit of k?
2
Let s(u) = -u**3 - 19*u**2 + 73*u + 14. Suppose 22*k - 119 = -647. What is the thousands digit of s(k)?
1
Let q = -134 + 84. Let c be 4 - (q - (-9)/3). Suppose -c*x + 48*x = -9. What is the units digit of x?
3
Let v(d) = 79*d**2 - 10*d - 538. What is the thousands digit of v(11)?
8
Let h(o) = -o**2 + 2*o - 4. Let m be h(-3). Let i = m - -17. What is the tens digit of (150/1)/(4 + i)?
7
Let m = -165 + 164. Let a(k) = -221*k**3 - 2*k - 1. What is the units digit of a(m)?
2
Let o(u) = u**2 + 31*u - 412. What is the hundreds digit of o(45)?
0
Let i(r) = 71*r**2 + 2*r - 2. Let n be i(-2). Let v = 1214 - 1172. Let x = n - v. What is the units digit of x?
6
Let x(k) = 18*k**2 - 45*k - 6. Let q(m) = -3*m**2 + 45*m - 36. Let y be q(14). What is the tens digit of x(y)?
7
Let t = -1231 - -721. Let i = t + 914. What is the units digit of i?
4
Let l be -3 - (0 - 1) - 154/(-7). Let x = l + -17. Suppose x*r - 166 = 4*v, 5*r + 3*v = 6*v + 295. What is the units digit of r?
2
Suppose 0 = 80*y - 84*y - l + 84467, -5*l = -y + 21080. What is the tens digit of y?
1
Let z = 12189 + -7145. What is the thousands digit of z?
5
Suppose -a - 4*a + 2575 = 0. Let q = a - 304. What is the tens digit of q?
1
Let y = -37 - -50. Let i(p) = 4*p - 38. Let g be i(y). Suppose 3*z - 317 = -g. What is the hundreds digit of z?
1
Suppose 5*x = -5*g + 6830, -2*g - 752 = x - 2118. What is the hundreds digit of x?
3
Let j(w) = -4*w + 1. Let n(v) = -v + 1. Let r(o) = 2*j(o) - 5*n(o). Let c(l) = -l**2 + 10*l - 12. Let t be c(9). What is the units digit of r(t)?
6
Let m = 30 + -27. Suppose 5*u + 4*l = 1401, 2*u - 5*l - 1365 = -m*u. What is the tens digit of u?
7
Suppose -11*z + 51 = -59. Suppose 3188 + 1642 = z*q. What is the units digit of q?
3
Let i = 6492 - 2742. What is the hundreds digit of i?
7
Let u(n) = -30*n**3 - 3*n**2 - 4*n - 4. Let y be u(-2). Suppose -4*d - y = -2192. What is the units digit of d?
0
Suppose -26*w = -24*w + 672. Let u = 609 + w. What is the tens digit of u?
7
Let d(z) be the first derivative of -7*z**4/4 - 5*z**3/3 - 2*z**2 - z + 71. What is the units digit of d(-2)?
3
Suppose 7*d + 70 = 217. Let g(x) = 21*x + 44. What is the units digit of g(d)?
5
Suppose 2*n - 8 = 22. Let w = 3532 + -2767. What is the tens digit of (2 + -1)/(n/w)?
5
Let p be 20/(-80) - 26/(-8). Let z(v) = 12*v**2 + 13*v - 17. Let x be z(5). Suppose -3*i + 0*i = -r - x, 3*i - 348 = -p*r. What is the hundreds digit of i?
1
Let q be ((-20)/(-30))/(2/(-24)). Suppose 0 = -w - 43 - 9. What is the units digit of (-438)/(-26) + q/w?
7
Suppose -43*x = -101*x + 1038780. What is the hundreds digit of x?
9
Let c be -3*(3 - 2 - 2). Suppose 4*a + 9 = -0*a + 5*f, 3*a + c*f - 27 = 0. Suppose 0 =